b(o)?
-7
Let b(t) = -14*t + 1. Let j be ((-704)/(-55))/(-2 - (-104)/50). Let m = j + -42. Let h = -119 + m. Calculate b(h).
15
Let x(s) = s. Suppose -5*j = -v + 15, -2*v - 48 + 26 = 3*j. Determine x(v).
-5
Let a(h) = h**3 - 8*h**2 + 2*h - 8. Suppose -264 = -110*s + 77*s. Calculate a(s).
8
Let p(k) = k**2 + 2*k - 2. Let a(y) = 11*y**2 - 6*y - 7. Let d be a(6). Let x = d + -357. Calculate p(x).
6
Let a = 161 + -130. Let g = a - 34. Let u(p) = -5*p**3 + 3*p**3 - 2*p + 4 + 2*p**2 + 3*p**3. Determine u(g).
1
Let k(g) be the third derivative of -g**5/60 - 5*g**4/24 - g**3/2 - 4371*g**2. Give k(-6).
-9
Let v(y) = -5*y**3 - 46*y**2 - 10. Let x(h) = 9*h**3 + 86*h**2 - 2*h + 23. Let g(k) = 11*v(k) + 6*x(k). Calculate g(9).
1
Let z(l) = l**3 + 11*l**2 + 28*l - 6. Let r be 12626/(-1819) - ((-64)/68 + 1). Give z(r).
-6
Suppose 7*c = 2090 - 1992. Let g(z) = -z**3 + 16*z**2 - 27*z. Calculate g(c).
14
Let z(d) = -d**3 + 9*d**2. Suppose 2*k + 22 = 26. Suppose m - 29 = -3*u, -8 + 3 = -u + k*m. Give z(u).
0
Let v(p) = 2*p**2 + 9844*p + 12 - 9869*p + 4. Calculate v(12).
4
Suppose 5*q - 28 = -2*b, -5*q - b + 17 = -7. Suppose -37 = -q*g - 25. Let h(n) = n**2 - 2*n + 4. What is h(g)?
7
Let v(h) = -h**3 - 6*h**2 + 3. Let k(i) be the first derivative of i**2/2 - 17*i + 608. Suppose -3*r + 22 = -11. Let p be k(r). What is v(p)?
3
Let v(z) = 4*z**3 + 46*z**2 - 21*z - 5. Let r(g) = 3*g**3 + 31*g**2 - 15*g - 3. Let a(c) = 7*r(c) - 5*v(c). Calculate a(13).
4
Let j(i) = i - 7. Let p be j(1). Let y(f) be the second derivative of f**4/12 + f**3/2 - 7*f**2/2 - 8*f - 17. Calculate y(p).
11
Let j be (6/(-10))/(-3)*(7 - -8). Suppose 0 = p - 0*m - m - 10, -j*p - 3*m + 54 = 0. Let s(u) = -u**2 + 13*u + 8. Calculate s(p).
-6
Suppose 25 - 18 = 9*m + 61. Let f(h) = 3*h + 34. Calculate f(m).
16
Let j(w) = w**2 + 3*w**2 - 1 + 3*w**2 + 8*w - 6*w**2. Let s = 1804 - 1811. Give j(s).
-8
Let b(q) be the first derivative of -3*q**2/2 + 19*q - 3. Let p(w) = -74*w + 230. Let c be p(3). Let z be b(c). Let l(h) = -h - 5. What is l(z)?
0
Suppose -5*d + 244 = q, 4*q + 374 = 5*d + 150. Let p(k) = 2*k**2 - 98*k + 102. Give p(d).
6
Let c = 236 + -215. Let p(b) = -6 + 6*b**2 + 2 + c*b + b**3 - 19*b. What is p(-4)?
20
Let c(s) = s**3 - 9*s**2 + 9*s - 17. Let y be -11 + (-7 - 12)/(-1). Give c(y).
-9
Let w(g) = 6*g + 14. Suppose -41*k = 35*k - 2060 + 2668. What is w(k)?
-34
Let r(g) = 19 + 999*g**2 - 330*g**2 - 336*g**2 - 338*g**2 - 16*g. Calculate r(-5).
-26
Let x(o) = -8*o - 33. Let p(a) = 15*a + 54. Let l(s) = -5*p(s) - 9*x(s). What is l(10)?
-3
Let v(g) = -8*g - 106. Let o(i) = 7*i + 76. Let t(n) = 6*o(n) + 5*v(n). What is t(0)?
-74
Suppose -16*n + 12*n = -4*g + 80, 2*g = -3*n - 80. Let h(j) = -j**3 - 22*j**2 + 46*j - 46. What is h(n)?
2
Let u(h) = -7*h - 49. Let t(c) = -58*c - 406. Let r(b) = -3*t(b) + 25*u(b). Suppose -19 = -3*q - 7. Calculate r(q).
-11
Let h(m) be the first derivative of -m**4/4 + 7*m**3 - m**2 + 48*m - 5461. Give h(21).
6
Let r(t) = 3*t - 5. Let m(h) = 38*h - 17*h - 5 - 19*h. Suppose -3*s + 37 = 4*g + 8, s + 22 = 5*g. Let d(f) = s*r(f) - 4*m(f). Calculate d(-3).
2
Let l be (-6)/39 - (148/52 + -3). Suppose y = -l*y - 3*c + 8, 2*y + c = 6. Let w(d) = d**3 - 5*d**2 + 4*d - 3. Determine w(y).
-7
Let l be (-5)/(-12*(-5)/120). Let r(m) = m**3 + 11*m**2 + 5*m + 9. Give r(l).
59
Let y(i) = -162*i**3 - 164*i**3 - 161*i**3 + 6 + 488*i**3 + 3*i + 10*i + 13*i**2. Give y(-12).
-6
Let i(h) = 8*h**3 - 14*h**2 - 9*h + 67. Let o(d) = 2*d**3 - 5*d**2 - 3*d + 25. Let l(g) = 3*i(g) - 8*o(g). Give l(-2).
-65
Let w(t) = -4*t**2 - 28*t - 6. Suppose -10*n = 3*n + 104. What is w(n)?
-38
Let n(t) = t**2 - 22*t - 29. Let o(j) = j**2 - 6*j - 1. Let a(v) = n(v) - 2*o(v). What is a(-3)?
-6
Let p(n) be the second derivative of -n**6/120 - n**5/10 - n**4/12 - n**3 + 15*n**2/2 - 7*n - 3. Let a(z) be the first derivative of p(z). Give a(-6).
6
Let k(x) = -x - 2. Let f(m) = -m**2 - 18*m + 10. Let n(c) = 2*c**2 + 19*c - 9. Let q(t) = 4*f(t) + 3*n(t). Let v be q(7). Give k(v).
-8
Let k(m) be the first derivative of m**2/2 + 2*m - 2. Let c(t) = -t + 6. Let i be c(-30). Suppose -11*s = 41 + i. Give k(s).
-5
Let g(p) = p**3 + 3*p**2 + p + 5. Let o(n) = 5*n**2 - 9*n - 52. Let w(x) = -11*x**2 + 17*x + 103. Let f(i) = 13*o(i) + 6*w(i). Let l be f(-6). Give g(l).
-15
Let i(f) = 3*f**2 + 118*f - 213. Let h be i(-41). Let r(u) = -u**2 + 15*u + 177. What is r(h)?
-7
Suppose 3*d - 13 = 5*r, 4*d + r = -1186 + 1165. Let n(k) = k**2 + 2*k + 4. Give n(d).
12
Suppose z - 23 = 7*x - 3*x, -x = 2*z - 1. Let b(n) = 31*n + z - 4 - 32*n. Let c(k) = k**2 - 9*k - 10. Let g(w) = 4*b(w) - c(w). What is g(5)?
6
Let h(z) = -17*z + 57. Suppose 42*w + 13*w + 40 = 260. Calculate h(w).
-11
Suppose 0*w + 3 = w. Let g(u) = -5 - u**w + u**2 + 0*u**2 + 3. Let k(n) = -11*n**3 - 238*n**2 + 88*n. Let t be k(-22). Determine g(t).
-2
Let h be (15/(-30))/(3/84) + -1. Let v(x) = 2*x**2 + 31*x - 9. What is v(h)?
-24
Let w(g) = -4*g**3 + g**2 - 2*g - 1. Let v(d) = 3*d**3 + 5*d**2 - d - 3. Let k(m) = v(m) + w(m). Give k(5).
6
Let l(h) be the first derivative of 2*h**2 + 67*h - 574. Determine l(-18).
-5
Let c(o) = -8*o + 216. Let r(l) = 14*l - 323. Let a(i) = -13*c(i) - 9*r(i). Calculate a(4).
11
Let j = 6906 + -6936. Let p(o) = -5*o - 157. Give p(j).
-7
Let f(i) = -14*i**2 - i - 1. Let y = -18 + 22. Let c(x) = -x**2 - 6 - y + 10. Let d be c(-1). Calculate f(d).
-14
Let i(z) = 153*z - 9. Let w(p) = 434*p - 27. Let k(h) = 17*i(h) - 6*w(h). Give k(0).
9
Suppose 0 = 11*z + 187 - 1430. Let y(u) = -113*u**2 - 116*u**2 - 3*u + 341*u**2 - z*u**2. Give y(-4).
-4
Suppose 31350*h = 31384*h. Let d(l) = -2 - 1 + l - 5. What is d(h)?
-8
Let k(x) = -x + 6. Suppose 303*r = 307*r - 28. Suppose -12*w = -r*w - 30. Give k(w).
0
Let k(f) = 2*f + 5*f**2 - 22 - f - 12*f**2 + 10 + f**3. Determine k(6).
-42
Let g be (4/42*3)/((-52)/(-182)). Let o(j) = 2*j**2 - 5*j - 7. Let t(h) = -h**2 - h + 2. Let m(v) = g*o(v) + 3*t(v). Calculate m(-6).
11
Let a(h) = 179 + 22 + 21 - 43*h**2 + 125*h - 95*h + 44*h**2. Determine a(-18).
6
Suppose -4*t + 38 = k - 44, k = -2*t + 42. Let n(x) = -t*x + 1 - 30*x + 67*x. What is n(-1)?
-16
Let t(i) be the first derivative of i**4/4 + i**3 - 7*i**2/2 - 5*i + 459. Let d be ((-4)/(-6))/(14/(-84)). Give t(d).
7
Let h(i) = -i**2 + i + 19. Suppose -5*w + 7*w - 72 = 0. Suppose -2*u - 36 = -4*d + 3*u, 4*d - 4*u - w = 0. Suppose 3*y = d*y. Give h(y).
19
Let u be (-5 - (-2 + -1))/2. Let n be (-12)/(-9)*(u + -2). Let l(z) = -z - 5. Calculate l(n).
-1
Let i(r) = 3*r**3 + 12*r**2 + 4*r - 6. Let y(n) = 6 - 17*n**2 - 19*n + 2*n**2 + 14*n - 4*n**3 - 2*n**2. Let v(z) = -5*i(z) - 4*y(z). What is v(-8)?
6
Let b(p) = 95 - 66 - p**2 - 346*p + 354*p + 0*p**2. Determine b(11).
-4
Let a = 20 + 0. Let w be (19 - 20) + 0 + 6. Suppose 10 = w*l - a. Let i(c) = -c + 3. Give i(l).
-3
Suppose -47*c + 82 = -59. Let z(l) = -11*l + 24. Give z(c).
-9
Let z(q) = q**3 - 7*q**2. Suppose -4*j = 5 - 5. Suppose 0*l - s = -l + 4, 5*l - s - 32 = j. Calculate z(l).
0
Let k(y) = 3*y**2 + 94*y - 64. Let p(s) = 74*s - 1142. Let j be p(15). Determine k(j).
0
Let m be ((-69 - -70)*2/(-6))/((-2)/(-24)). Let i(h) = -2*h - 15. Calculate i(m).
-7
Let a(w) be the second derivative of -w**4/12 + w**3/6 + 9*w**2 + w. Suppose -2 - 7 = m - 3*v, 2*m + 9 = 3*v. Suppose 0 = -3*n - m. What is a(n)?
18
Let z(q) = 68*q**3 - 41*q**2 - 88*q - 15. Let l(c) = 13*c**3 - 8*c**2 - 17*c - 3. Let w(f) = 21*l(f) - 4*z(f). Let j be 1*6 - (-1 + 2). Calculate w(j).
-3
Let w(x) = x**3 - 2*x**2 - 4*x + 4. Suppose -8*c + 13 = -3. Let n be 12/c - (-4 - -7). Calculate w(n).
1
Let g(w) = 426 + w**2 - w**3 - 9*w**2 - 3*w - 215 - 196. Calculate g(-7).
-13
Let m = 12343 + -12343. Let t(x) = 5*x - 13. Calculate t(m).
-13
Let t(u) = 3*u**2 - 11*u - 6. Let d = -5612 - -5616. Calculate t(d).
-2
Let x(k) = 3*k**3 - 7*k**2 - 51*k - 7. Let u(g) = -4*g**3 + 7*g**2 + 68*g + 7. Let h(m) = 2*u(m) + 3*x(m). Calculate h(9).
2
Let v(r) = -r - 12. Let l(c) = -19*c - 145. Let m(i) = -l(i) - 2*v(i). What is m(-6)?
43
Let b(c) = c**2 - 45*c + 458. Let q = -12389 - -12405. What is b(q)?
-6
Let n = -4 - -8. Let o(g) = -3*g - 6. Let w(b) = 113 - b - 44 - 34 - 38. Let y(q) = n*o(q) - 7*w(q). Give y(-4).
17
Let l(g) = 44 + 3111*g - 6 - 3116*g. What is l(8)?
-2
S